 = -786 - -826. Let z = 18 - 7. Calculate the remainder when s is divided by z.
7
Suppose -2*l = 9*l - 396. Calculate the remainder when 140 is divided by l.
32
Let b(d) = 3*d**3 - 29*d**2 - 10*d + 18. What is the remainder when 155 is divided by b(10)?
11
Let v = -26 - -37. Let j be (0 + 4)*v/4. Suppose -2*d = -b + j, 5*d + 32 = 4*b - b. Calculate the remainder when 17 is divided by b.
8
Let w(s) = s**3 + 5*s**2 + 2*s - 1. What is the remainder when 20 is divided by w(-4)?
6
Let s(w) = w**2 - 8*w + 1. Let r be s(9). Suppose 5*a - 3*c = 2*c + r, -3*c = 4*a + 20. What is the remainder when ((-4)/2)/a - -9 is divided by 4?
2
Suppose -820 = -33*j + 71. What is the remainder when 105 is divided by j?
24
Let q(b) = 2*b**2 + 7*b + 5. Suppose 5*x + 13 = 4*p - 42, 8 = x + 3*p. What is the remainder when q(x) is divided by 2 + 3 + (8 - -1)?
12
Let x(l) = -9*l - 1. Let q(r) = r**3 - 3*r**2 - 7*r + 6. Suppose -17 = -5*k - 4*p, 4*k + 8 = 3*p + 34. What is the remainder when q(k) is divided by x(-1)?
5
Let b be (-1 - -2)/(1/(-13)). Let w = b + 81. Calculate the remainder when w is divided by 35.
33
Let s = -241 + 327. What is the remainder when 197 is divided by s?
25
Suppose -k - 8 = 3*y - 4*y, 5*k = 5. What is the remainder when 239 is divided by y?
5
Let w(j) = -j**2 + 17*j - 42. What is the remainder when 68 is divided by w(13)?
8
Let f = 65 - 253. What is the remainder when (-1)/(f/1218 - (-17)/119) is divided by (-2)/(-7) - (-152)/7?
21
Suppose 3*r + 9 = 3*d, -2*r + 18 = 5*d - d. Let q(m) = -m**2 + 6*m - 3. What is the remainder when q(d) is divided by 3?
2
Suppose 5*b - 7*b - 4*s = -12, -3*b + 5*s + 62 = 0. What is the remainder when 53 is divided by b?
11
Suppose 5*d = 15*d - 780. What is the remainder when 234 is divided by d?
0
Suppose 0 = -2*q + 16 + 16. What is the remainder when 77 - 0/(8/(-12)*3) is divided by q?
13
Let g(u) = -265*u + 14 + 262*u + 20. Calculate the remainder when 22 is divided by g(8).
2
Suppose 4*l - 217 = -27*l. Calculate the remainder when 129 is divided by l.
3
Let v be 6/(-15)*(-2 - 38)/4. Suppose -v*z = z - 60. What is the remainder when 53 is divided by z?
5
Suppose 6*d = 11*d - 345. Suppose 3*k - 39 = -9. Calculate the remainder when d is divided by k.
9
Suppose -4*w + 40 = -5*f, -2*w - 19*f + 20 = -18*f. Calculate the remainder when 137 is divided by w.
7
Suppose 0 = s + 4*j - 80, 0 = -2*s - 3*j + 21 + 114. Let c = 18 - 2. Calculate the remainder when s is divided by c.
12
Suppose -8*h + 2 + 430 = 0. Let z = 97 - 69. Calculate the remainder when h is divided by z.
26
Let z(c) = -28*c. Let h(s) = 4*s**2 - 9*s + 6. What is the remainder when h(-8) is divided by z(-1)?
26
Let h(q) = -5*q**3 - q**2. Let p be h(1). Suppose -11 = -5*j - 2*l + 54, -l = -3*j + 28. What is the remainder when ((-8)/(-3))/(p/(-45)) is divided by j?
9
Let d(p) = -12 - 2*p + 5*p + 5*p - 4*p. Calculate the remainder when 31 is divided by d(5).
7
What is the remainder when 29 is divided by ((-100)/(-7) - -2) + (-26)/91?
13
Let s(l) = -2*l**2 + 10*l - 4*l**2 + 22 - 2*l**2 + 3*l**3 - 4*l**3. What is the remainder when 34 is divided by s(-9)?
8
Suppose -3*u - 5*m + 174 = -0*u, 0 = -m. Calculate the remainder when 105 is divided by u.
47
Let z = 34 + -30. Let l(b) = 4*b - 13. Let d = 41 + -37. What is the remainder when z is divided by l(d)?
1
Suppose -5*k + 548 = 4*h - k, -5*h + 706 = -2*k. Calculate the remainder when h + (2 + 1 - 2) is divided by 29.
25
Suppose 2398 + 2600 = -2*w + 53*w. Let h = 88 + -54. Calculate the remainder when w is divided by h.
30
Let s be (-1 - -85)*(-2)/(-4). Suppose -2*p + p = -s. Let g(k) = -k**2 + 13*k - 25. What is the remainder when p is divided by g(5)?
12
Calculate the remainder when -25 + 18 + (2 - -1) - -83 is divided by 17.
11
Suppose 83 = c - 3*r - 0*r, c - 2*r - 78 = 0. What is the remainder when c is divided by 21 + (-12 - -4 - -5)?
14
Suppose 5*b - 29 = -5*u + 76, 5*u = 2*b - 14. Let v = 21 - 12. Calculate the remainder when b is divided by v.
8
Let h(z) = z + 0 - 1 - 7. Let g be h(0). Let d = -6 - g. Calculate the remainder when 6 is divided by d.
0
Let v(q) = 10*q**2 - 23*q - 62. Calculate the remainder when v(-4) is divided by 15.
10
Let w = 63 - 59. Suppose -2*i = -3*p + 5*p - 52, 4*i - w = 0. Let m = 6 + 1. Calculate the remainder when p is divided by m.
4
Suppose 162 = 2*r - z + 3*z, -3*r + 3*z = -261. Calculate the remainder when 167 is divided by r.
83
Let y(h) = 7*h. Let j be y(-3). Let n = -14 - j. Let d = 6 + n. Calculate the remainder when 50 is divided by d.
11
Suppose 68 = 5*i - 2*c - c, -i - 3*c = -28. Let t(q) = 38*q - 8. Let z be t(4). Calculate the remainder when i is divided by 4/(-18) - (-896)/z.
4
Suppose 47 = -3*n - 43. Let c be 4/6 - n/9. Suppose -3*k = -5*r - 74, -c*k + 91 = -r + 2*r. What is the remainder when k is divided by 12?
11
Let a be (7/5*-3)/(3/(-15)). Let w = a + -13. What is the remainder when 29 is divided by w?
5
What is the remainder when 40 is divided by (-351)/156*(0 - 96/9)?
16
Let j(x) = -x**2 + 10*x - 11. Let w be (-4)/(10/4 - 3). Calculate the remainder when 9/(-3)*(-2 - -1) - -15 is divided by j(w).
3
Suppose -304 + 184 = -12*h. Calculate the remainder when 22 is divided by h.
2
Let r be 12/(-8)*148/(-3). Suppose -5*h + h = -4*f - 92, r = 3*h + 2*f. What is the remainder when 93 is divided by h?
21
Let r = 1216 + -1154. What is the remainder when 367 is divided by r?
57
Let d = -56 - -80. Let b = d + -42. Let x(f) = -f**2 - 19*f - 13. What is the remainder when 14 is divided by x(b)?
4
Suppose 168*z - 460 = -2*c + 170*z, -212 = -c - 5*z. What is the remainder when c is divided by 110?
7
Suppose 6 = 3*z - 3. Let x(t) = -11 + 6 + 18 + t**2 + t**z. Calculate the remainder when x(0) is divided by 5.
3
Suppose 75*k - 320 = 71*k. Suppose 2*c = -h + 37, 0*h + 2*h = -3*c + 69. Calculate the remainder when k is divided by h.
26
Suppose 9 = m - 0*v - 2*v, -v - 18 = -5*m. Suppose -4*s = 4*w - 28, -5*s + 5*w = -0 - 5. Calculate the remainder when s is divided by m.
1
Suppose -2 = 5*p - 4*d, 4*d = -p - d + 17. Suppose -3*u - 2*h + 38 = -27, -2*u - 5*h + 58 = 0. Calculate the remainder when (-70)/(-3 - -1) + p is divided by u.
18
Suppose 2*c = -2*b + 1 + 5, -5*b = 4*c - 8. What is the remainder when 37 is divided by c?
2
Let j be (7 + (-4)/(-1) - 0)*1. What is the remainder when 101/j - (-12)/(-66) is divided by 3?
0
Suppose s = 5*j + 6, 4*s + 2*j + 0*j - 46 = 0. Suppose 45 = 2*f + 3. Suppose -3*t = 3 - f. What is the remainder when s is divided by t?
5
Suppose -54*f = -60*f + 48. Let u(g) = -g**3 + g**2 - g + 30. What is the remainder when u(0) is divided by f?
6
Calculate the remainder when (29 + -30)/((-2)/218) is divided by 29.
22
What is the remainder when 79 is divided by (-8 + 16/(-5))/(4/(-10))?
23
Suppose -3*b + v = -17, -2*b + 4*v + 20 = -8. Suppose -s + 145 = s + 5*f, -4 = b*f. What is the remainder when s is divided by 16?
11
Let m = 896 + -865. What is the remainder when 1794 is divided by m?
27
Suppose -4*o + 10 = 2. Let x be o/((-314)/79 - -4). Let r = -31 + x. What is the remainder when r is divided by 10?
8
Let f = -96 - -385. What is the remainder when f is divided by 50?
39
Let t(p) = 6*p**2 - 2*p + 2. Suppose -20*y = -952 + 232. Calculate the remainder when y is divided by t(2).
14
Let d(h) = h + 15. Let m be -7 + -3 - (5 + -3). Let s be d(m). Suppose -s*z + 31 + 2 = 0. What is the remainder when 54 is divided by z?
10
Let p(w) = -w - 2. Let h be p(-5). Suppose t - 2*t = c - 53, 4*c = h*t + 184. Let o = c + -20. What is the remainder when o is divided by 15?
14
Let z(a) = -a**3 - 13*a**2 - 3*a - 2. Suppose -81 + 29 = 4*p. Suppose -2*s + 29 = -4*b + b, -2*s - 3*b = -47. Calculate the remainder when z(p) is divided by s.
18
Let q(t) = -2*t + 1. Let y(l) be the second derivative of l**5/20 + 3*l**4/2 - l**3/6 - 8*l**2 - 15*l. Calculate the remainder when q(-3) is divided by y(-18).
1
Suppose -131 = -k - 108. Calculate the remainder when 89 is divided by k.
20
Suppose 33*i = -19*i + 20280. What is the remainder when 399 is divided by i?
9
Suppose -28*s = 7*s - 490. Calculate the remainder when 24 is divided by s.
10
What is the remainder when (-2202)/(-18) + (-8)/24 is divided by 63?
59
Suppose -4*v = -z - 29 - 34, 4*v + 3*z = 51. Suppose 4*k - 123 = k. Wh